{"id":54,"date":"2018-11-19T15:02:28","date_gmt":"2018-11-19T14:02:28","guid":{"rendered":"http:\/\/192.168.2.12\/interna8\/sito-web\/prodotto\/\/"},"modified":"2022-02-16T15:14:33","modified_gmt":"2022-02-16T14:14:33","slug":"anrichte-glam","status":"publish","type":"prodotto","link":"https:\/\/www.interna8.it\/de\/prodotto\/anrichte-glam","title":{"rendered":"GLAM Anrichte","raw":"GLAM Anrichte"},"content":{"rendered":"<p>Funktionalit\u00e4t und Design mit exzentrischem Dekor und starker Pers\u00f6nlichkeit kombiniert. Das Thema ist die elegante, raffinierte und glamour\u00f6se Dekoration der besten Hotellerie. Dort ist der Wandteppich durch eine breite Palette von Mustern und Designs der neuesten Konzeption sehr gesch\u00e4tzt. Dank verschiedener Abstufungen von Wallcovering haben wir M\u00f6beln mit einer alten Technik im Vergleich zu den neuesten Trends dekoriert.<\/p>\n","protected":false,"raw":"Funktionalit\u00e4t und Design mit exzentrischem Dekor und starker Pers\u00f6nlichkeit kombiniert. Das Thema ist die elegante, raffinierte und glamour\u00f6se Dekoration der besten Hotellerie. Dort ist der Wandteppich durch eine breite Palette von Mustern und Designs der neuesten Konzeption sehr gesch\u00e4tzt. Dank verschiedener Abstufungen von Wallcovering haben wir M\u00f6beln mit einer alten Technik im Vergleich zu den neuesten Trends dekoriert."},"featured_media":994,"template":"","acf":[],"yoast_head":"<!-- This site is optimized with the Yoast SEO plugin v20.10 - https:\/\/yoast.com\/wordpress\/plugins\/seo\/ -->\n<title>GLAM credenza - Interna8<\/title>\n<meta name=\"robots\" content=\"index, follow, max-snippet:-1, max-image-preview:large, max-video-preview:-1\" \/>\n<link rel=\"canonical\" href=\"https:\/\/www.interna8.it\/%prodotto-slug%\/credenza-glam\" \/>\n<meta property=\"og:locale\" content=\"de_DE\" \/>\n<meta property=\"og:type\" content=\"article\" \/>\n<meta property=\"og:site_name\" content=\"Interna8\" \/>\n<meta property=\"article:modified_time\" content=\"2022-02-16T14:14:33+00:00\" \/>\n<meta property=\"og:image\" content=\"https:\/\/www.interna8.it\/wp-content\/uploads\/2018\/11\/glam-evidenzaq.jpg\" \/>\n\t<meta property=\"og:image:width\" content=\"1200\" \/>\n\t<meta property=\"og:image:height\" content=\"800\" \/>\n\t<meta property=\"og:image:type\" content=\"image\/jpeg\" \/>\n<meta name=\"twitter:card\" content=\"summary_large_image\" \/>\n<script type=\"application\/ld+json\" class=\"yoast-schema-graph\">{\"@context\":\"https:\/\/schema.org\",\"@graph\":[{\"@type\":\"WebPage\",\"@id\":\"https:\/\/www.interna8.it\/%prodotto-slug%\/credenza-glam\",\"url\":\"https:\/\/www.interna8.it\/%prodotto-slug%\/credenza-glam\",\"name\":\"GLAM credenza - Interna8\",\"isPartOf\":{\"@id\":\"https:\/\/www.interna8.it\/en\/#website\"},\"datePublished\":\"2018-11-19T14:02:28+00:00\",\"dateModified\":\"2022-02-16T14:14:33+00:00\",\"breadcrumb\":{\"@id\":\"https:\/\/www.interna8.it\/%prodotto-slug%\/credenza-glam#breadcrumb\"},\"inLanguage\":\"de-DE\",\"potentialAction\":[{\"@type\":\"ReadAction\",\"target\":[\"https:\/\/www.interna8.it\/%prodotto-slug%\/credenza-glam\"]}]},{\"@type\":\"BreadcrumbList\",\"@id\":\"https:\/\/www.interna8.it\/%prodotto-slug%\/credenza-glam#breadcrumb\",\"itemListElement\":[{\"@type\":\"ListItem\",\"position\":1,\"name\":\"Home\",\"item\":\"https:\/\/www.interna8.it\/en\/\"},{\"@type\":\"ListItem\",\"position\":2,\"name\":\"GLAM credenza\"}]},{\"@type\":\"WebSite\",\"@id\":\"https:\/\/www.interna8.it\/en\/#website\",\"url\":\"https:\/\/www.interna8.it\/en\/\",\"name\":\"Interna8\",\"description\":\"\",\"potentialAction\":[{\"@type\":\"SearchAction\",\"target\":{\"@type\":\"EntryPoint\",\"urlTemplate\":\"https:\/\/www.interna8.it\/en\/?s={search_term_string}\"},\"query-input\":\"required name=search_term_string\"}],\"inLanguage\":\"de-DE\"}]}<\/script>\n<!-- \/ Yoast SEO plugin. -->","yoast_head_json":{"title":"GLAM credenza - Interna8","robots":{"index":"index","follow":"follow","max-snippet":"max-snippet:-1","max-image-preview":"max-image-preview:large","max-video-preview":"max-video-preview:-1"},"canonical":"https:\/\/www.interna8.it\/%prodotto-slug%\/credenza-glam","og_locale":"de_DE","og_type":"article","og_site_name":"Interna8","article_modified_time":"2022-02-16T14:14:33+00:00","og_image":[{"width":1200,"height":800,"url":"https:\/\/www.interna8.it\/wp-content\/uploads\/2018\/11\/glam-evidenzaq.jpg","type":"image\/jpeg"}],"twitter_card":"summary_large_image","schema":{"@context":"https:\/\/schema.org","@graph":[{"@type":"WebPage","@id":"https:\/\/www.interna8.it\/%prodotto-slug%\/credenza-glam","url":"https:\/\/www.interna8.it\/%prodotto-slug%\/credenza-glam","name":"GLAM credenza - Interna8","isPartOf":{"@id":"https:\/\/www.interna8.it\/en\/#website"},"datePublished":"2018-11-19T14:02:28+00:00","dateModified":"2022-02-16T14:14:33+00:00","breadcrumb":{"@id":"https:\/\/www.interna8.it\/%prodotto-slug%\/credenza-glam#breadcrumb"},"inLanguage":"de-DE","potentialAction":[{"@type":"ReadAction","target":["https:\/\/www.interna8.it\/%prodotto-slug%\/credenza-glam"]}]},{"@type":"BreadcrumbList","@id":"https:\/\/www.interna8.it\/%prodotto-slug%\/credenza-glam#breadcrumb","itemListElement":[{"@type":"ListItem","position":1,"name":"Home","item":"https:\/\/www.interna8.it\/en\/"},{"@type":"ListItem","position":2,"name":"GLAM credenza"}]},{"@type":"WebSite","@id":"https:\/\/www.interna8.it\/en\/#website","url":"https:\/\/www.interna8.it\/en\/","name":"Interna8","description":"","potentialAction":[{"@type":"SearchAction","target":{"@type":"EntryPoint","urlTemplate":"https:\/\/www.interna8.it\/en\/?s={search_term_string}"},"query-input":"required name=search_term_string"}],"inLanguage":"de-DE"}]}},"excerpt":{"raw":"","rendered":""},"meta":{"_it_post_content":"Funzionalit\u00e0 e design, abbinate a un decoro eccentrico e di forte personalit\u00e0. Il tema \u00e8 la decorazione, quella elegante, raffinata e glamour della migliore hotellerie, dove la tappezzeria \u00e8 molto apprezzata attraverso una vasta gamma di pattern e disegni di attualissima concezione. Grazie a diverse gradazioni di Wallcovering abbiamo decorato i mobili, reinterpretando una tecnica ormai desueta alla luce delle ultime tendenze.","_it_post_excerpt":"","_it_post_title":"GLAM credenza","_it_post_name":"credenza-glam","edit_language":"de"},"_links":{"self":[{"href":"https:\/\/www.interna8.it\/de\/wp-json\/wp\/v2\/prodotto\/54"}],"collection":[{"href":"https:\/\/www.interna8.it\/de\/wp-json\/wp\/v2\/prodotto"}],"about":[{"href":"https:\/\/www.interna8.it\/de\/wp-json\/wp\/v2\/types\/prodotto"}],"wp:featuredmedia":[{"embeddable":true,"href":"https:\/\/www.interna8.it\/de\/wp-json\/wp\/v2\/media\/994"}],"wp:attachment":[{"href":"https:\/\/www.interna8.it\/de\/wp-json\/wp\/v2\/media?parent=54"}],"curies":[{"name":"wp","href":"https:\/\/api.w.org\/{rel}","templated":true}]}}

<p>Funktionalität und Design mit exzentrischem Dekor und starker Persönlichkeit kombiniert. Das Thema ist die elegante, raffinierte und glamouröse Dekoration der besten Hotellerie. Dort ist der Wandteppich durch eine breite Palette von Mustern und Designs der neuesten Konzeption sehr geschätzt. Dank verschiedener Abstufungen von Wallcovering haben wir Möbeln mit einer alten Technik im Vergleich zu den neuesten Trends dekoriert.</p>

Funktionalität und Design mit exzentrischem Dekor und starker Persönlichkeit kombiniert. Das Thema ist die elegante, raffinierte und glamouröse Dekoration der besten Hotellerie. Dort ist der Wandteppich durch eine breite Palette von Mustern und Designs der neuesten Konzeption sehr geschätzt. Dank verschiedener Abstufungen von Wallcovering haben wir Möbeln mit einer alten Technik im Vergleich zu den neuesten Trends dekoriert.

Funzionalità e design, abbinate a un decoro eccentrico e di forte personalità. Il tema è la decorazione, quella elegante, raffinata e glamour della migliore hotellerie, dove la tappezzeria è molto apprezzata attraverso una vasta gamma di pattern e disegni di attualissima concezione. Grazie a diverse gradazioni di Wallcovering abbiamo decorato i mobili, reinterpretando una tecnica ormai desueta alla luce delle ultime tendenze.
