{"id":340,"date":"2018-11-28T16:27:25","date_gmt":"2018-11-28T15:27:25","guid":{"rendered":"http:\/\/192.168.2.12\/interna8\/sito-web\/prodotto\/\/"},"modified":"2023-05-05T15:24:01","modified_gmt":"2023-05-05T13:24:01","slug":"tavolo-laama","status":"publish","type":"prodotto","link":"https:\/\/www.interna8.it\/de\/prodotto\/tavolo-laama","title":{"rendered":"LAAMA Tisch","raw":"LAAMA Tisch"},"content":{"rendered":"<p>Die d\u00fcnne Oberfl\u00e4chen und die Bewegung der Basis bilden eine visuelle Passage, die sich je nach Blickwinkel \u00e4ndert. Die Oberfl\u00e4chen bestehen aus materialien, die durch Ber\u00fchrung wahrgenommen werden k\u00f6nnen.<\/p>\n","protected":false,"raw":"Die d\u00fcnne Oberfl\u00e4chen und die Bewegung der Basis bilden eine visuelle Passage, die sich je nach Blickwinkel \u00e4ndert. Die Oberfl\u00e4chen bestehen aus materialien, die durch Ber\u00fchrung wahrgenommen werden k\u00f6nnen."},"featured_media":1209,"template":"","acf":[],"yoast_head":"<!-- This site is optimized with the Yoast SEO plugin v20.10 - https:\/\/yoast.com\/wordpress\/plugins\/seo\/ -->\n<title>LAAMA tavolo - Interna8<\/title>\n<meta name=\"robots\" content=\"index, follow, max-snippet:-1, max-image-preview:large, max-video-preview:-1\" \/>\n<link rel=\"canonical\" href=\"https:\/\/www.interna8.it\/%prodotto-slug%\/tavolo-laama\" \/>\n<meta property=\"og:locale\" content=\"de_DE\" \/>\n<meta property=\"og:type\" content=\"article\" \/>\n<meta property=\"og:site_name\" content=\"Interna8\" \/>\n<meta property=\"article:modified_time\" content=\"2023-05-05T13:24:01+00:00\" \/>\n<meta property=\"og:image\" content=\"https:\/\/www.interna8.it\/wp-content\/uploads\/2018\/11\/laama-tavolo-new-7.jpg\" \/>\n\t<meta property=\"og:image:width\" content=\"1920\" \/>\n\t<meta property=\"og:image:height\" content=\"1280\" \/>\n\t<meta property=\"og:image:type\" content=\"image\/jpeg\" \/>\n<meta name=\"twitter:card\" content=\"summary_large_image\" \/>\n<script type=\"application\/ld+json\" class=\"yoast-schema-graph\">{\"@context\":\"https:\/\/schema.org\",\"@graph\":[{\"@type\":\"WebPage\",\"@id\":\"https:\/\/www.interna8.it\/%prodotto-slug%\/tavolo-laama\",\"url\":\"https:\/\/www.interna8.it\/%prodotto-slug%\/tavolo-laama\",\"name\":\"LAAMA tavolo - Interna8\",\"isPartOf\":{\"@id\":\"https:\/\/www.interna8.it\/en\/#website\"},\"datePublished\":\"2018-11-28T15:27:25+00:00\",\"dateModified\":\"2023-05-05T13:24:01+00:00\",\"breadcrumb\":{\"@id\":\"https:\/\/www.interna8.it\/%prodotto-slug%\/tavolo-laama#breadcrumb\"},\"inLanguage\":\"de-DE\",\"potentialAction\":[{\"@type\":\"ReadAction\",\"target\":[\"https:\/\/www.interna8.it\/%prodotto-slug%\/tavolo-laama\"]}]},{\"@type\":\"BreadcrumbList\",\"@id\":\"https:\/\/www.interna8.it\/%prodotto-slug%\/tavolo-laama#breadcrumb\",\"itemListElement\":[{\"@type\":\"ListItem\",\"position\":1,\"name\":\"Home\",\"item\":\"https:\/\/www.interna8.it\/en\/\"},{\"@type\":\"ListItem\",\"position\":2,\"name\":\"LAAMA tavolo\"}]},{\"@type\":\"WebSite\",\"@id\":\"https:\/\/www.interna8.it\/en\/#website\",\"url\":\"https:\/\/www.interna8.it\/en\/\",\"name\":\"Interna8\",\"description\":\"\",\"potentialAction\":[{\"@type\":\"SearchAction\",\"target\":{\"@type\":\"EntryPoint\",\"urlTemplate\":\"https:\/\/www.interna8.it\/en\/?s={search_term_string}\"},\"query-input\":\"required name=search_term_string\"}],\"inLanguage\":\"de-DE\"}]}<\/script>\n<!-- \/ Yoast SEO plugin. -->","yoast_head_json":{"title":"LAAMA tavolo - Interna8","robots":{"index":"index","follow":"follow","max-snippet":"max-snippet:-1","max-image-preview":"max-image-preview:large","max-video-preview":"max-video-preview:-1"},"canonical":"https:\/\/www.interna8.it\/%prodotto-slug%\/tavolo-laama","og_locale":"de_DE","og_type":"article","og_site_name":"Interna8","article_modified_time":"2023-05-05T13:24:01+00:00","og_image":[{"width":1920,"height":1280,"url":"https:\/\/www.interna8.it\/wp-content\/uploads\/2018\/11\/laama-tavolo-new-7.jpg","type":"image\/jpeg"}],"twitter_card":"summary_large_image","schema":{"@context":"https:\/\/schema.org","@graph":[{"@type":"WebPage","@id":"https:\/\/www.interna8.it\/%prodotto-slug%\/tavolo-laama","url":"https:\/\/www.interna8.it\/%prodotto-slug%\/tavolo-laama","name":"LAAMA tavolo - Interna8","isPartOf":{"@id":"https:\/\/www.interna8.it\/en\/#website"},"datePublished":"2018-11-28T15:27:25+00:00","dateModified":"2023-05-05T13:24:01+00:00","breadcrumb":{"@id":"https:\/\/www.interna8.it\/%prodotto-slug%\/tavolo-laama#breadcrumb"},"inLanguage":"de-DE","potentialAction":[{"@type":"ReadAction","target":["https:\/\/www.interna8.it\/%prodotto-slug%\/tavolo-laama"]}]},{"@type":"BreadcrumbList","@id":"https:\/\/www.interna8.it\/%prodotto-slug%\/tavolo-laama#breadcrumb","itemListElement":[{"@type":"ListItem","position":1,"name":"Home","item":"https:\/\/www.interna8.it\/en\/"},{"@type":"ListItem","position":2,"name":"LAAMA tavolo"}]},{"@type":"WebSite","@id":"https:\/\/www.interna8.it\/en\/#website","url":"https:\/\/www.interna8.it\/en\/","name":"Interna8","description":"","potentialAction":[{"@type":"SearchAction","target":{"@type":"EntryPoint","urlTemplate":"https:\/\/www.interna8.it\/en\/?s={search_term_string}"},"query-input":"required name=search_term_string"}],"inLanguage":"de-DE"}]}},"excerpt":{"raw":"","rendered":""},"meta":{"_it_post_content":"L\u2019assottigliarsi del piano e il movimento sinuoso della base creano dei passaggi visivi che mutano secondo l\u2019angolo di vista. Il tutto decorato con finiture dall\u2019elevata percezione materica al tatto.","_it_post_excerpt":"","_it_post_title":"LAAMA tavolo","_it_post_name":"tavolo-laama","edit_language":"de"},"_links":{"self":[{"href":"https:\/\/www.interna8.it\/de\/wp-json\/wp\/v2\/prodotto\/340"}],"collection":[{"href":"https:\/\/www.interna8.it\/de\/wp-json\/wp\/v2\/prodotto"}],"about":[{"href":"https:\/\/www.interna8.it\/de\/wp-json\/wp\/v2\/types\/prodotto"}],"wp:featuredmedia":[{"embeddable":true,"href":"https:\/\/www.interna8.it\/de\/wp-json\/wp\/v2\/media\/1209"}],"wp:attachment":[{"href":"https:\/\/www.interna8.it\/de\/wp-json\/wp\/v2\/media?parent=340"}],"curies":[{"name":"wp","href":"https:\/\/api.w.org\/{rel}","templated":true}]}}

<p>Die dünne Oberflächen und die Bewegung der Basis bilden eine visuelle Passage, die sich je nach Blickwinkel ändert. Die Oberflächen bestehen aus materialien, die durch Berührung wahrgenommen werden können.</p>

Die dünne Oberflächen und die Bewegung der Basis bilden eine visuelle Passage, die sich je nach Blickwinkel ändert. Die Oberflächen bestehen aus materialien, die durch Berührung wahrgenommen werden können.
