{"id":323,"date":"2018-11-28T15:49:18","date_gmt":"2018-11-28T14:49:18","guid":{"rendered":"http:\/\/192.168.2.12\/interna8\/sito-web\/prodotto\/\/"},"modified":"2019-04-17T10:08:20","modified_gmt":"2019-04-17T08:08:20","slug":"tavolo-vero","status":"publish","type":"prodotto","link":"https:\/\/www.interna8.it\/de\/prodotto\/tavolo-vero","title":{"rendered":"VERO Tisch","raw":"VERO Tisch"},"content":{"rendered":"<p>Der Protagonist ist das Holz von Briccola, das aus den Pfosten der Lagune von Venedig stammt und reich an Geschichte und \u00c4sthetik ist. Die dicken Oberfl\u00e4chen werden durch Elemente aus extra leichtem transparentem Glas erg\u00e4nzt: Das berufliche Material des Holzes und die Transparenz voller Wasserreflexionen bilden einen unaufl\u00f6slichen Kontrast in perfekter Balance.<\/p>\n","protected":false,"raw":"Der Protagonist ist das Holz von Briccola, das aus den Pfosten der Lagune von Venedig stammt und reich an Geschichte und \u00c4sthetik ist. Die dicken Oberfl\u00e4chen werden durch Elemente aus extra leichtem transparentem Glas erg\u00e4nzt: Das berufliche Material des Holzes und die Transparenz voller Wasserreflexionen bilden einen unaufl\u00f6slichen Kontrast in perfekter Balance."},"featured_media":869,"template":"","acf":[],"yoast_head":"<!-- This site is optimized with the Yoast SEO plugin v20.10 - https:\/\/yoast.com\/wordpress\/plugins\/seo\/ -->\n<title>VERO tavolo - Interna8<\/title>\n<meta name=\"robots\" content=\"index, follow, max-snippet:-1, max-image-preview:large, max-video-preview:-1\" \/>\n<link rel=\"canonical\" href=\"https:\/\/www.interna8.it\/%prodotto-slug%\/tavolo-vero\" \/>\n<meta property=\"og:locale\" content=\"de_DE\" \/>\n<meta property=\"og:type\" content=\"article\" \/>\n<meta property=\"og:site_name\" content=\"Interna8\" \/>\n<meta property=\"article:modified_time\" content=\"2019-04-17T08:08:20+00:00\" \/>\n<meta property=\"og:image\" content=\"https:\/\/www.interna8.it\/wp-content\/uploads\/2018\/11\/Interna8_0397.jpg-particolare-tavolo.jpg\" \/>\n\t<meta property=\"og:image:width\" content=\"1200\" \/>\n\t<meta property=\"og:image:height\" content=\"800\" \/>\n\t<meta property=\"og:image:type\" content=\"image\/jpeg\" \/>\n<meta name=\"twitter:card\" content=\"summary_large_image\" \/>\n<script type=\"application\/ld+json\" class=\"yoast-schema-graph\">{\"@context\":\"https:\/\/schema.org\",\"@graph\":[{\"@type\":\"WebPage\",\"@id\":\"https:\/\/www.interna8.it\/%prodotto-slug%\/tavolo-vero\",\"url\":\"https:\/\/www.interna8.it\/%prodotto-slug%\/tavolo-vero\",\"name\":\"VERO tavolo - Interna8\",\"isPartOf\":{\"@id\":\"https:\/\/www.interna8.it\/en\/#website\"},\"datePublished\":\"2018-11-28T14:49:18+00:00\",\"dateModified\":\"2019-04-17T08:08:20+00:00\",\"breadcrumb\":{\"@id\":\"https:\/\/www.interna8.it\/%prodotto-slug%\/tavolo-vero#breadcrumb\"},\"inLanguage\":\"de-DE\",\"potentialAction\":[{\"@type\":\"ReadAction\",\"target\":[\"https:\/\/www.interna8.it\/%prodotto-slug%\/tavolo-vero\"]}]},{\"@type\":\"BreadcrumbList\",\"@id\":\"https:\/\/www.interna8.it\/%prodotto-slug%\/tavolo-vero#breadcrumb\",\"itemListElement\":[{\"@type\":\"ListItem\",\"position\":1,\"name\":\"Home\",\"item\":\"https:\/\/www.interna8.it\/en\/\"},{\"@type\":\"ListItem\",\"position\":2,\"name\":\"VERO tavolo\"}]},{\"@type\":\"WebSite\",\"@id\":\"https:\/\/www.interna8.it\/en\/#website\",\"url\":\"https:\/\/www.interna8.it\/en\/\",\"name\":\"Interna8\",\"description\":\"\",\"potentialAction\":[{\"@type\":\"SearchAction\",\"target\":{\"@type\":\"EntryPoint\",\"urlTemplate\":\"https:\/\/www.interna8.it\/en\/?s={search_term_string}\"},\"query-input\":\"required name=search_term_string\"}],\"inLanguage\":\"de-DE\"}]}<\/script>\n<!-- \/ Yoast SEO plugin. -->","yoast_head_json":{"title":"VERO tavolo - Interna8","robots":{"index":"index","follow":"follow","max-snippet":"max-snippet:-1","max-image-preview":"max-image-preview:large","max-video-preview":"max-video-preview:-1"},"canonical":"https:\/\/www.interna8.it\/%prodotto-slug%\/tavolo-vero","og_locale":"de_DE","og_type":"article","og_site_name":"Interna8","article_modified_time":"2019-04-17T08:08:20+00:00","og_image":[{"width":1200,"height":800,"url":"https:\/\/www.interna8.it\/wp-content\/uploads\/2018\/11\/Interna8_0397.jpg-particolare-tavolo.jpg","type":"image\/jpeg"}],"twitter_card":"summary_large_image","schema":{"@context":"https:\/\/schema.org","@graph":[{"@type":"WebPage","@id":"https:\/\/www.interna8.it\/%prodotto-slug%\/tavolo-vero","url":"https:\/\/www.interna8.it\/%prodotto-slug%\/tavolo-vero","name":"VERO tavolo - Interna8","isPartOf":{"@id":"https:\/\/www.interna8.it\/en\/#website"},"datePublished":"2018-11-28T14:49:18+00:00","dateModified":"2019-04-17T08:08:20+00:00","breadcrumb":{"@id":"https:\/\/www.interna8.it\/%prodotto-slug%\/tavolo-vero#breadcrumb"},"inLanguage":"de-DE","potentialAction":[{"@type":"ReadAction","target":["https:\/\/www.interna8.it\/%prodotto-slug%\/tavolo-vero"]}]},{"@type":"BreadcrumbList","@id":"https:\/\/www.interna8.it\/%prodotto-slug%\/tavolo-vero#breadcrumb","itemListElement":[{"@type":"ListItem","position":1,"name":"Home","item":"https:\/\/www.interna8.it\/en\/"},{"@type":"ListItem","position":2,"name":"VERO tavolo"}]},{"@type":"WebSite","@id":"https:\/\/www.interna8.it\/en\/#website","url":"https:\/\/www.interna8.it\/en\/","name":"Interna8","description":"","potentialAction":[{"@type":"SearchAction","target":{"@type":"EntryPoint","urlTemplate":"https:\/\/www.interna8.it\/en\/?s={search_term_string}"},"query-input":"required name=search_term_string"}],"inLanguage":"de-DE"}]}},"excerpt":{"raw":"","rendered":""},"meta":{"_it_post_content":"Il protagonista \u00e8 il legno di Briccola, proveniente dai pali della laguna di Venezia, ricco di valenza storica ed estetica. Piani di forte spessore completati da elementi in vetro extra light trasparente: la matericit\u00e1 vocativa del legno e la trasparenza piena di riflessi dell'acqua, tornano ad essere un contrasto indissolubile in perfetto equilibrio.","_it_post_excerpt":"","_it_post_title":"VERO tavolo","_it_post_name":"tavolo-vero","edit_language":"de"},"_links":{"self":[{"href":"https:\/\/www.interna8.it\/de\/wp-json\/wp\/v2\/prodotto\/323"}],"collection":[{"href":"https:\/\/www.interna8.it\/de\/wp-json\/wp\/v2\/prodotto"}],"about":[{"href":"https:\/\/www.interna8.it\/de\/wp-json\/wp\/v2\/types\/prodotto"}],"wp:featuredmedia":[{"embeddable":true,"href":"https:\/\/www.interna8.it\/de\/wp-json\/wp\/v2\/media\/869"}],"wp:attachment":[{"href":"https:\/\/www.interna8.it\/de\/wp-json\/wp\/v2\/media?parent=323"}],"curies":[{"name":"wp","href":"https:\/\/api.w.org\/{rel}","templated":true}]}}

<p>Der Protagonist ist das Holz von Briccola, das aus den Pfosten der Lagune von Venedig stammt und reich an Geschichte und Ästhetik ist. Die dicken Oberflächen werden durch Elemente aus extra leichtem transparentem Glas ergänzt: Das berufliche Material des Holzes und die Transparenz voller Wasserreflexionen bilden einen unauflöslichen Kontrast in perfekter Balance.</p>

Der Protagonist ist das Holz von Briccola, das aus den Pfosten der Lagune von Venedig stammt und reich an Geschichte und Ästhetik ist. Die dicken Oberflächen werden durch Elemente aus extra leichtem transparentem Glas ergänzt: Das berufliche Material des Holzes und die Transparenz voller Wasserreflexionen bilden einen unauflöslichen Kontrast in perfekter Balance.

Il protagonista è il legno di Briccola, proveniente dai pali della laguna di Venezia, ricco di valenza storica ed estetica. Piani di forte spessore completati da elementi in vetro extra light trasparente: la matericitá vocativa del legno e la trasparenza piena di riflessi dell'acqua, tornano ad essere un contrasto indissolubile in perfetto equilibrio.
